ond derivative of 0 + u*w**4 + 3*w - 5/3*w**3 + 3*w**2. Calculate a(8).
-10
Let o(f) be the third derivative of 3*f**4/4 + 47*f**3/6 + 39*f**2 + 98*f. Give o(-3).
-7
Let n(m) = m**3 - 5*m**2 - 7*m + 7. Let r be 1 + -4 + 3 - -3 - 121. Let i = -112 - r. Give n(i).
1
Let m = 92455 + -92454. Let u(q) be the third derivative of -q**4/24 + 3*q**2. Calculate u(m).
-1
Let u(d) = 29*d - 1. Let l(p) = -p**2 + 21*p + 131. Suppose -225 = -8*i - 17. Let x be l(i). Calculate u(x).
28
Let q(w) be the second derivative of -w**3/6 - 22*w**2 + 14*w - 19. What is q(-21)?
-23
Let i(n) = -n**3 + 9*n**2 - n + 9. Let y be ((-2)/1)/(12/(-48)). Calculate i(y).
65
Suppose 2*k + 2*k + 2*n = -10, 0 = -k - 4*n - 13. Let i(f) = -f**2 - 10*f + 7. Let m(j) = j**2 + 2*j - 1. Let q(r) = k*i(r) - 2*m(r). Determine q(5).
0
Let w(p) = -4*p + p - 1 - 2*p - 2. Let q = -49 + 109. Let k = -62 + q. Give w(k).
7
Let t(k) be the second derivative of -2*k**3/3 - 37*k**2/2 + 3061*k. Calculate t(-14).
19
Let p(l) = 5*l + 12. Let o(y) = 4*y + 13. Let u(n) = -4*o(n) + 3*p(n). Let v(k) = 7*k**2 + 412*k + 734. Let a be v(-57). What is u(a)?
-9
Let g(x) = -4*x - 3. Suppose -33*y + 0*y - 594 = 0. Let s be (-28)/10 - y/(-15). What is g(s)?
13
Let u(r) = -r**2 + 6*r - 1. Let y(h) = -6*h - 23. Let a be y(-11). Suppose 2*d - a = 1. Suppose 0 = -0*c + 3*c + 3*f - 6, -5*c + f + d = 0. Determine u(c).
7
Let r(c) = -5*c**2 + 24*c - 74. Let q(s) = -6*s**2 + 23*s - 53. Let a(i) = 4*q(i) - 5*r(i). What is a(8)?
-2
Let n = -1782 + 1866. Suppose -2*a + 22 = n*p - 88*p, 0 = 3*a + 3*p + 3. Let h(k) = 3*k - 2 - 1 - 2*k. What is h(a)?
0
Suppose 0 = -h - 8 + 11. Let c(p) be the third derivative of -p**6/120 + p**5/20 + p**4/6 - p**3 - 4*p**2 - 27. Calculate c(h).
6
Let c(w) be the second derivative of w**3/2 - w. Let m(q) = -4*q. Let o be (531/45 - 11)*5. Let t(f) = o*m(f) + 6*c(f). Determine t(-8).
-16
Let v be 30/(-135) - (-1076)/(-18). Let d = v - -70. Suppose 11*s - d*s - 8 = 0. Let p(f) = f**2 - 7*f - 2. Determine p(s).
6
Let k(t) = 4*t - 3. Let u(c) = -c**3 + 9*c**2 - 8*c + 12. Let p be u(8). Suppose p - 27 = -5*n. Give k(n).
9
Let o(m) = m**3 - 7*m**2 - 16*m - 14. Let l be o(9). Suppose 3*n + 3*a = -12, -3*n + 7*a - l*a = 30. Let j(y) = -y**3 - 6*y**2 + 6*y - 9. What is j(n)?
-2
Let b(g) = 759*g**2 - 18*g - 15. Let d(m) = -350*m**2 + 9*m + 8. Let s(x) = -6*b(x) - 13*d(x). Determine s(-4).
-42
Suppose -6*x = -83 + 47. Let o(z) = 4*z - 6. What is o(x)?
18
Suppose 0*i + 5*o = i + 32, 5*i = -3*o - 20. Let l(f) be the third derivative of -f**6/120 - f**5/12 + 5*f**4/12 + 3*f**3/2 + 4132*f**2 - 12*f. Determine l(i).
37
Suppose 0 = -2*m + 68 - 54. Let c(k) = -6*k + 3*k - 2*k + k**3 - m - 2*k + 5*k**2. Let w(r) = -r - 19. Let v be w(-13). Determine c(v).
-1
Suppose 55 = 4*u - 3*i - 27, -5*i = -3*u + 78. Let w(m) = -m**3 + 16*m**2 + 3*m - 19. Give w(u).
29
Let j = 102 - 75. Let f(h) = -2 + 3 - j*h + 23*h + h**2. Determine f(3).
-2
Suppose -19*y - 69*y = -1056. Let h(p) = p**3 - 11*p**2 - 19*p + 78. Give h(y).
-6
Let g(t) be the second derivative of -3*t**3/2 - 26*t**2 + 5*t + 7. Give g(-6).
2
Let k(f) = -10*f. Suppose -2*j - 66 = l + 3*l, j - 4*l + 9 = 0. Let q be (24 + j)/(4 + -3). Determine k(q).
10
Let j(u) = u**2 + 9*u + 10. Let m be (210/(-84))/(1/(-2 - -4)). Determine j(m).
-10
Let w(b) = 10*b - 30. Let d be w(12). Let j be (-65864)/(-18) + (-10)/d. Let o(v) = 3659 - j - v. Give o(2).
-2
Let s(k) be the third derivative of k**4/12 - k**3/6 + 27*k**2. Let f be s(3). Let h(b) = -b**3 + 5*b**2 + b - 4. Calculate h(f).
1
Suppose 85*h - 187*h - 189*h = -2037. Let z(c) = -c**2 + 11*c - 32. Give z(h).
-4
Let s(u) be the first derivative of -3*u**4/4 - u**3/3 + 3*u**2/2 + 2*u + 1223. What is s(-2)?
16
Let h(y) = -32 - y**2 - 4*y + 54 - y - 17 - 8*y**3. What is h(1)?
-9
Let t(c) = -c**3 + c + 2. Let u be 15/21 + (-6 - (-44)/7). Let w(b) = 6*b**3 - 5*b**2 - 3*b - 12. Let r(n) = u*w(n) + 5*t(n). What is r(5)?
8
Let k(b) = -b - 34. Suppose 13*u = -2*z + 11*u - 14, 2*u - 90 = 6*z. Give k(z).
-21
Let p(r) be the second derivative of 0*r**3 + 0*r**2 + 0 - 87*r - 1/6*r**4. Determine p(-2).
-8
Let d be 1 + 36/(-48)*8 - (-9 - 2). Let i(g) = g**3 - 7*g**2 + 3*g - 15. Calculate i(d).
-33
Let r(i) = -11163*i + i**2 - 3 + 11152*i + 10. Suppose 12 - 2 = s. Determine r(s).
-3
Let b(k) be the first derivative of -k**3/6 + k**2 + 26*k + 57. Let q(o) be the first derivative of b(o). Give q(0).
2
Let r(w) = w - 4. Let u be (0/(-10))/(4/2). Suppose u*h - 5*h + 13 = -3*n, 3*n = -h - 19. Let g be (-4)/(-6) - (-4)/n. Calculate r(g).
-4
Let r(k) be the third derivative of k**6/120 - 2*k**5/15 + k**4/6 + 25*k**3/3 - 3*k**2 + 463*k. What is r(6)?
2
Let z(x) = -x**3 + 7*x**2 - 17*x + 27. Let m = -1872 + 1876. What is z(m)?
7
Suppose 15*z + 12 = 18*z. Let c be ((-32)/(-12) + -2)*54/z. Let d(b) = -6 + 4*b + 0 + c + 0*b. Give d(-3).
-9
Let i = 142 + -140. Let t be i/5 - 448/(-80). Let r(z) = z**2 - 8*z - 3. Determine r(t).
-15
Let u(f) = 119 + f - 79 - 62 + 0*f. Give u(12).
-10
Let d(o) = -o + 17. Let q(b) = b - 52. Let w(r) = 6*d(r) + 2*q(r). Suppose -3*t + 8 = -1. Let y(i) = 5*i + 2. Let f(a) = t*y(a) + 4*w(a). Give f(0).
-2
Suppose 107*d - 110*d + 37 = 5*h, 5*d + 5*h = 55. Let u(s) be the third derivative of -s**4/24 + 2*s**3 - 5*s**2. Determine u(d).
3
Let b(s) = s**2 + 6*s + 4. Suppose 0 = 3*g + 6*n - 7*n + 18, -3*n + 14 = g. What is b(g)?
-4
Let b(y) = 5*y + 2*y**2 - y**2 + y**3 + 6*y**2 - 4*y**2 + 2 - 18*y + 12*y. Let s be 30/(-7) + (-4)/(-14). Determine b(s).
-10
Let v(w) = w**3 + 7*w**2 - 7*w + 5. Let i(g) = -7*g**2 + 9*g - 4. Let z(t) = 36*t**2 - 42*t + 21. Let o(c) = -11*i(c) - 2*z(c). Let m be o(2). Give v(m).
-3
Let u(w) = 321*w + 3*w**2 + 327*w + 6 - 647*w. What is u(-2)?
16
Let x(w) = -19*w**2 - 12*w + 12. Let h(t) = 45*t**2 + 30*t - 30. Let n(m) = 5*h(m) + 12*x(m). Calculate n(3).
-15
Let h(s) = 18*s - 42. Let n(v) = -v**2 + 4*v + 99. Let o be n(12). What is h(o)?
12
Let a(c) = c**2 + 12*c - 5. Let w(b) = 5*b**2 + 48*b - 19. Let d = -137 - -128. Let n(v) = d*a(v) + 2*w(v). What is n(12)?
7
Let r(s) = s**2 - 4. Suppose u = 5, 2*u + 3*u = -4*t + 29. Let j(o) = 9*o**3 - 2*o + 1. Let c be j(t). Let k be (4 - c - -1)/(-1). Determine r(k).
5
Suppose 11*x + 5*m - 12 = 7*x, 5*m - 9 = -3*x. Suppose 0 = z - n - 8, 11*z - 4 = 13*z + x*n. Let c(i) = -i**2 + 4*i - 5. Determine c(z).
-5
Let w be (-26)/(-2) - (-10 + 12). Let q(z) = -30*z + 39*z - w - 10*z. Calculate q(-13).
2
Let r(y) = -y**3 - 9*y**2 - 11*y + 8. Suppose -4 = -2*s, 0 = b + 36*s - 34*s + 3. What is r(b)?
-13
Let a(p) be the third derivative of -p**5/15 - 59*p**4/24 + 5*p**3/3 + 7009*p**2. Calculate a(-15).
-5
Let q(i) = -41*i + 4. Let n = 6498 - 6499. Give q(n).
45
Let g be 1/(-4) + 315/12. Suppose 3*s - 78 = 2*q, s - g = -q - 3*q. Let u(y) = -23 + 0*y + 2*y - y + s. Calculate u(0).
3
Suppose 37*t = 9*t + 1932. Let p(x) = 4*x + x**2 + t - 69 - 3*x + 4*x. Calculate p(-6).
6
Suppose -5*q - m - 27 = 0, -4*m - 6 = -m. Let k(f) = 3*f - 1. Let r(i) = -i**2 - 13*i + 2. Let t(n) = -2*k(n) - r(n). Give t(q).
-10
Let z be 10/(-25) + (-54)/(-10). Suppose r = -z, m + 0*r = -r + 5. Let j = -10 + m. Let x(p) = -p**2 + p - 1. Determine x(j).
-1
Let r(z) be the third derivative of -z**4/24 - 8*z**3 - 7*z**2 - z - 57. What is r(-14)?
-34
Let d(s) = -5*s + 5. Let y(c) = -2*c**3 - 6*c**2 + 15*c + 20. Let k be y(-4). Calculate d(k).
45
Let o = 102 + -102. Let c(y) = -67*y + 0 + 77*y - y**2 - 4 + o*y**2. Determine c(8).
12
Let k(f) be the first derivative of -8*f**2 - 30*f - 4417. Give k(-2).
2
Let f(j) = 42*j - 39*j + 10 - j**2 + 5*j**2 - 3*j**2. What is f(-7)?
38
Let c(x) = -x + 5. Let z(j) = 5*j - 4*j + 2 - 3*j - 3*j. Let w(n) = n. Let p(s) = 4*w(s) + z(s). Let i be p(-4). Determine c(i).
-1
Let c(q) = -q**3 - 9*q**2 - 2*q - 11. Let p(b) = -b**3 + 13*b**2 - 26*b + 159. Let f be p(12). Determine c(f).
7
Let x(h) be the first derivative of -86 + 8*h**2 - 16/3*h**3 - 10*h + 1/4*h**4. Calculate x(15).
5
Let s = 114 + -109. Suppose -2*p = 5*c - 14, -s*p - 18 = -10*p - 4*c. Let m(q) be the third derivative of q**5/60 - q**4/8 + q**3/6 - 3*q**2. Calculate m(p).
-1
Let x(l) = -155*l**2 + 349*l - 11. Let b(k) = 36*k**2 - 87*k + 3. Let t(g) = 9*b(g) + 2*x(g). What is t(6)?
-1
Suppose 225 = 20*b - 10*b +